base 11, what is -2a + 4403aa1?
4403a72
In base 8, what is 122 - 7433556?
-7433434
In base 5, what is 1120343110 - -1233?
1120344343
In base 6, what is 4 - 123140043?
-123140035
In base 8, what is -32731 - -20372?
-12337
In base 6, what is -14 + -132021211?
-132021225
In base 13, what is 6a970aa + -5?
6a970a5
In base 3, what is 10202010012100001 - 12?
10202010012022212
In base 14, what is 6 - 11a572?
-11a56a
In base 2, what is -100111111011101 - -10111010001?
-100101000001100
In base 10, what is -24 - 2672?
-2696
In base 10, what is -5 - 12980772?
-12980777
In base 3, what is -110102011 + -11122200011?
-12010002022
In base 12, what is 301972 - -24?
301996
In base 5, what is 3121134234 - 3?
3121134231
In base 12, what is 135006b - -25?
1350094
In base 12, what is 1218311 + -75?
1218258
In base 15, what is 1 - -269b96b?
269b96c
In base 12, what is 257a + 788?
3146
In base 7, what is 166044 - 441?
165303
In base 3, what is -110 + -2110112121021212?
-2110112121022022
In base 7, what is 3131 - -60403?
63534
In base 14, what is 0 + -85c277?
-85c277
In base 14, what is -2d + a676?
a647
In base 13, what is b - 1000b6?
-1000a8
In base 9, what is -3760875 - -22?
-3760853
In base 5, what is -2 - -42113310000?
42113304443
In base 14, what is c + a87d1b?
a87d29
In base 3, what is -220022222001120 + 121?
-220022222000222
In base 6, what is 15523 - -202?
20125
In base 12, what is 21a291 + -284?
21a009
In base 4, what is -1002211121 - 22?
-1002211203
In base 7, what is -605144031 - 2?
-605144033
In base 16, what is 4 + 285951b?
285951f
In base 4, what is -11 - 12301021111230?
-12301021111301
In base 4, what is 31100002320 - 1010?
31100001310
In base 12, what is -106ba18b + -5?
-106ba194
In base 16, what is -1875 - -3d34?
24bf
In base 13, what is 1 + 6bc216?
6bc217
In base 11, what is -5 + -167113a?
-1671144
In base 12, what is -486b - -15b5?
-3276
In base 11, what is -361 + 80832?
80481
In base 2, what is 10100 - -10110000011010100?
10110000011101000
In base 15, what is -b2c - b318?
-be45
In base 9, what is -1241830736 + 4?
-1241830732
In base 15, what is 0 + -a94049?
-a94049
In base 11, what is -10aa + 646?
-564
In base 6, what is 21333 + -420225?
-354452
In base 16, what is -2 + -9e73e?
-9e740
In base 8, what is -3374473 + -27?
-3374522
In base 3, what is 121221220101211202 - 0?
121221220101211202
In base 5, what is 2242 + -421143?
-413401
In base 9, what is -5 + 174476728?
174476723
In base 16, what is -14b - -f6b3?
f568
In base 5, what is 22 - 404321102?
-404321030
In base 8, what is -11413 + -23562?
-35175
In base 11, what is 0 - 4576a002?
-4576a002
In base 2, what is -100000101 - 1000101001001010101011?
-1000101001001110110000
In base 15, what is 27834 + ee?
27933
In base 8, what is -64 + 10673122?
10673036
In base 9, what is 1472 + -5857?
-4375
In base 14, what is 4290a16 - 3?
4290a13
In base 14, what is -bcc8 + d38?
-ad90
In base 4, what is 2211211012 - -122?
2211211200
In base 6, what is 2 + -33004032442?
-33004032440
In base 2, what is -1100101010111110000 - -110100?
-1100101010110111100
In base 15, what is 40 + 771c?
775c
In base 4, what is -10111 + 100033321?
100023210
In base 2, what is 101000 + 1001100000100010010111?
1001100000100010111111
In base 16, what is -1c203a09 + 3?
-1c203a06
In base 14, what is 9 - -2a29?
2a34
In base 14, what is -780 + -aa0d7?
-aa877
In base 16, what is 1d - 1db61?
-1db44
In base 15, what is -1 - 5ccd9d?
-5ccd9e
In base 7, what is -1526206233 - -31?
-1526206202
In base 4, what is 3032 - 33023010333?
-33023001301
In base 13, what is -12 - 38343a8?
-38343ba
In base 6, what is 1523 - 221113?
-215150
In base 3, what is 102220101 - -1212111?
111202212
In base 6, what is 12115 + 1201234?
1213353
In base 11, what is 6283 - -418?
66a0
In base 13, what is 62b5a - 18?
62b42
In base 3, what is 11212 - 2220022021?
-2220010102
In base 12, what is -13b361837 + -5?
-13b361840
In base 6, what is 43305 + 31530?
115235
In base 6, what is -1013502 - -54?
-1013404
In base 10, what is -42 + -312377?
-312419
In base 15, what is 82a9b - -153?
82bee
In base 5, what is 100320123233 + 3?
100320123241
In base 11, what is 2 - 12245216?
-12245214
In base 14, what is -7729a1d - -3?
-7729a1a
In base 12, what is 67488979 - 2?
67488977
In base 14, what is 2010819 + -3?
2010816
In base 2, what is 1111001000111110111 - 1000100?
1111001000110110011
In base 10, what is 76 + 38081?
38157
In base 8, what is -526732 + -50?
-527002
In base 9, what is -702466 + 16?
-702450
In base 12, what is -132b4 - 1324?
-14618
In base 8, what is 53276350 + -3?
53276345
In base 6, what is 30555 - 252?
30303
In base 5, what is -22 + -412444201?
-412444223
In base 12, what is 1aa + 1b439?
1b627
In base 8, what is 7 - 6005032?
-6005023
In base 3, what is -2110210101121 + 10102?
-2110210021012
In base 12, what is -96b3ab74 - 4?
-96b3ab78
In base 5, what is -12 + -1033143412?
-1033143424
In base 12, what is 10b8967 - 3?
10b8964
In base 10, what is 530 + 5679?
6209
In base 15, what is -a + -5e079?
-5e084
In base 10, what is 1981951 - -4?
1981955
In base 13, what is 327 - 78c?
-465
In base 7, what is 13 + -12213623?
-12213610
In base 3, what is 10 + 11001100000011?
11001100000021
In base 3, what is -2221 + -1201122111002?
-1201122121000
In base 4, what is 133200230 - -232?
133201122
In base 2, what is -1011000100100010001110 + 10?
-1011000100100010001100
In base 2, what is -10 + 100000111100101110110000?
100000111100101110101110
In base 7, what is -31023224 - -32?
-31023162
In base 3, what is 2110120101100021 + 1?
2110120101100022
In base 9, what is -4 - -54117444?
54117440
In base 16, what is -144ea6 + 43?
-144e63
In base 6, what is 402 - 24533312?
-24532510
In base 14, what is 10388 - 1a?
1036c
In base 15, what is 2b72 - -516?
3188
In base 6, what is 13 - 21115534?
-21115521
In base 7, what is 15 - -20304031?
20304046
In base 8, what is 13 - 22202053?
-22202040
In base 12, what is -11230602 - 1?
-11230603
In base 2, what is -1000111110010010001011001 - -1?
-1000111110010010001011000
In base 10, what is 1266755 + 1?
1266756
In base 9, what is -8 - 153521025?
-153521034
In base 4, what is -221122 - 11122?
-232310
In base 2, what is -10011 - 10110100100101111000111111?
-10110100100101111001010010
In base 2, what is 1 - 11000110111110011110101?
-11000110111110011110100
In base 5, what is -2232033340 - -144?
-2232033141
In base 5, what is -204024331 + 24112?
-204000214
In base 10, what is -1899576 - -2?
-1899574
In base 8, what is -1 + -124623752?
-124623753
In base 12, what is 418 - -5676?
5a92
In base 14, what is 13 + -d2ab6?
-d2aa3
In base 3, what is -12 - 2210022020022000?
-2210022020022012
In base 12, what is 4 - 41aa299?
-41aa295
In base 9, what is 133 - -207814?
208047
In base 16, what is -6 - -11e212?
11e20c
In base 4, what is 11303312 - -310212?
12220130
In base 16, what is 1d74cb4 - 5?
1d74caf
In base 5, what is 0 + -11134122301?
-11134122301
In base 16, what is 4be27 - -34a?
4c171
In base 6, what is -442110 - -21343?
-420323
In base 5, what is 2202342 + -421403?
1230434
In base 15, what is -44 + -be70?
-beb4
In base 6, what is -13 + -3034100?
-3034113
In base 2, what is 1111000111001010001 + -1001011011?
1111000101111110110
In base 4, what is -222221032231 + -1?
-222221032232
In base 8, what is -2761 + 450?
-2311
In base 14, what is -2 - -c7add8?
c7add6
In base 5, what is -1242340102 + 1023?
-1242334024
In base 6, what is -143 - 3435302?
-3435445
In base 10, what is -472 + 5678?
5206
In base 13, what is 4 + 1331b44?
1331b48
In base 4, what is 231030 - 1310213?
-1013123
In base 11, what is -26455 + -3636?
-29a90
In base 2, what is -1011000 + -110000111001111111?
-110000111011010111
In base 11, what is 2 + -1a49a313?
-1a49a311
In base 14, what is 9c - -52b86?
52c44
In base 8, what is 17 + -1603137?
-1603120
In base 2, what is -11000101111010100001111101 - 0?
-11000101111010100001111101
In base 16, what is -45c - 45b89?
-45fe5
In base 3, what is -2101201000210122 - 2?
-2101201000210201
In base 8, what is -431503 - 1141?
-432644
In base 16, what is -4 - f8c55c?
-f8c560
In base 3, what is 11122 - -1101000012202?
1101000101101
In base 14, what is c3c18 - a?
c3c0c
In base 14, what is -785d908 - -4?
-785d904
In base 5, what is 2220203114 - -4?
2220203123
In base 12, what is 